52269 a composite number?
False
Is 12533869 composite?
False
Is 1975067 a composite number?
False
Is 1930361 a prime number?
False
Is 387844997 a composite number?
False
Is 4854599 a composite number?
False
Is 532319 prime?
False
Is 5339149 a prime number?
True
Is 2673137 a composite number?
False
Is 362064701 a prime number?
False
Is 1069807 a composite number?
False
Is 15123283 a prime number?
False
Is 1141271969 a composite number?
False
Is 2225161 composite?
True
Is 243301 composite?
False
Is 1085581571 a composite number?
False
Is 423463109 a prime number?
True
Is 9147253 a prime number?
True
Is 20609261 prime?
True
Is 9668551 a prime number?
True
Is 25354429 prime?
False
Is 3969677 a prime number?
True
Is 22783399 prime?
False
Is 1171327 a prime number?
False
Is 438497 prime?
False
Is 874100113 a composite number?
False
Is 581221 a composite number?
True
Is 6448451 prime?
True
Is 6733981 a prime number?
False
Is 304649351 composite?
True
Is 1546485163 composite?
False
Is 49893743 composite?
True
Is 28030957 prime?
True
Is 7501189 a composite number?
False
Is 1490857 composite?
True
Is 9803267 composite?
True
Is 5628071 composite?
True
Is 252445979 a composite number?
True
Is 8284359 a composite number?
True
Is 474917 prime?
True
Is 25703119 a composite number?
True
Is 35177843 composite?
False
Is 1999651 prime?
True
Is 1495981 composite?
True
Is 18130867 composite?
False
Is 6413609 a prime number?
True
Is 202550261 composite?
True
Is 95762479 composite?
True
Is 41786761 composite?
True
Is 21633757 a prime number?
False
Is 143910577 a composite number?
False
Is 169368851 a composite number?
True
Is 677503 a prime number?
False
Is 19377611 a composite number?
True
Is 25747129 composite?
True
Is 9243383 prime?
True
Is 7403087 a prime number?
False
Is 69836447 a prime number?
True
Is 18969095 a prime number?
False
Is 1678459 a composite number?
False
Is 9094867 prime?
False
Is 3774011 a prime number?
False
Is 4681597 a composite number?
False
Is 31966483 a composite number?
True
Is 11681207 a prime number?
False
Is 78330833 a composite number?
True
Is 21982423 prime?
True
Is 443269586 composite?
True
Is 247624777 a prime number?
False
Is 58745753 a prime number?
False
Is 3439027 composite?
True
Is 637067 prime?
True
Is 7506113 a prime number?
True
Is 64649015 composite?
True
Is 6750357 a prime number?
False
Is 3189919 a prime number?
False
Is 40996913 composite?
True
Is 2870039 composite?
False
Is 3902291 a composite number?
False
Is 523867 a composite number?
False
Is 1034177 a prime number?
True
Is 577553 a prime number?
False
Is 502763243 prime?
False
Is 66846869 a composite number?
False
Is 68066981 a prime number?
True
Is 290831 composite?
True
Is 443189 a prime number?
True
Is 4621621 a composite number?
False
Is 14508349 a prime number?
True
Is 2296117 a prime number?
True
Is 503619065 a composite number?
True
Is 73563359 composite?
False
Is 86328199 a prime number?
True
Is 123844631 a composite number?
False
Is 1127729 a prime number?
False
Is 24885473 prime?
True
Is 62198849 a prime number?
True
Is 4969399 a prime number?
True
Is 34543255 a composite number?
True
Is 57752939 prime?
True
Is 20114651 composite?
False
Is 6847721 composite?
True
Is 1972169 composite?
False
Is 72211 composite?
False
Is 27686479 a prime number?
False
Is 38226233 composite?
True
Is 1062779 prime?
True
Is 2823911 composite?
False
Is 400545547 a composite number?
False
Is 3391163 composite?
False
Is 683391457 composite?
True
Is 15115487 composite?
False
Is 20736503 a composite number?
True
Is 558413551 composite?
False
Is 20802319 a composite number?
True
Is 29940529 prime?
True
Is 1717669 a composite number?
False
Is 220683053 a prime number?
False
Is 5069711 a prime number?
False
Is 32081347 a composite number?
True
Is 941023531 prime?
False
Is 70931179 prime?
False
Is 35118749 prime?
True
Is 477163 a prime number?
True
Is 54175841 a composite number?
False
Is 2389139 a composite number?
True
Is 25150501 a prime number?
False
Is 852613 prime?
True
Is 14434741 a prime number?
False
Is 397678793 prime?
True
Is 6792991 a composite number?
True
Is 299629 a composite number?
True
Is 88935563 a prime number?
True
Is 28733 a composite number?
True
Is 97103 a composite number?
False
Is 48867311 a composite number?
False
Is 763457 a composite number?
False
Is 736042 composite?
True
Is 1293473861 prime?
False
Is 141209 a prime number?
True
Is 1531619 composite?
False
Is 88659793 a composite number?
False
Is 1630729 prime?
False
Is 2995249 a composite number?
False
Is 50441939 prime?
False
Is 36735617 a prime number?
True
Is 15817201 a composite number?
False
Is 5403571 composite?
False
Is 39998069 prime?
True
Is 809281 prime?
False
Is 147246133 prime?
True
Is 346583 a prime number?
False
Is 3356263 a composite number?
False
Is 22838458 a composite number?
True
Is 284083 a composite number?
False
Is 26671903 composite?
False
Is 47907403 composite?
False
Is 353106191 a composite number?
False
Is 148644493 prime?
True
Is 557872363 prime?
False
Is 677813 a composite number?
False
Is 942047 a composite number?
True
Is 2947741 composite?
False
Is 35030833 a composite number?
False
Is 3008461 composite?
True
Is 2355959 prime?
False
Is 4880387 a composite number?
False
Is 19368721 composite?
True
Is 191721883 prime?
False
Is 73192885 composite?
True
Is 41957629 a composite number?
True
Is 3504169 composite?
False
Is 4861459 a composite number?
True
Is 4794877 a composite number?
False
Is 114802969 composite?
True
Is 29598013 a composite number?
False
Is 3319787 prime?
False
Is 962485105 a composite number?
True
Is 2075021 a prime number?
False
Is 46835339 a prime number?
False
Is 3515203 prime?
True
Is 2568901 composite?
False
Is 216551 a composite number?
False
Is 3743713 a prime number?
False
Is 23786231 composite?
True
Is 33295481 composite?
False
Is 188553161 composite?
True
Is 385474 prime?
False
Is 195407 composite?
False
Is 16745699 a composite number?
True
Is 16780867 prime?
True
Is 122267 prime?
True
Is 225470171 composite?
True
Is 4687783 a prime number?
True
Is 86539163 prime?
False
Is 6553487 a composite number?
False
Is 74085421 prime?
True
Is 4052297 prime?
False
Is 5427649 a composite number?
False
Is 15796877 a prime number?
False
Is 167854201 prime?
False
Is 441197 a composite number?
True
Is 98615423 a composite number?
True
Is 15768653 a composite number?
False
Is 8673877 a prime number?
True
Is 421033967 a composite number?
False
Is 24238259 a prime number?
True
Is 6671167 prime?
True
Is 20830609 a prime number?
True
Is 23186307 prime?
False
Is 24976891 a prime number?
True
Is 41857943 composite?
False
Is 5701249 composite?
False
Is 30525749 prime?
True
Is 22074839 a prime number?
True
Is 1351217 prime?
False
Is 31572809 a prime number?
True
Is 4170641 a prime number?
True
Is 3601837 prime?
True
Is 15148183 a composite number?
False
Is 50107303 prime?
True
Is 36565817 a prime number?
False
Is 313307 composite?
False
Is 2708581 prime?
True
Is 681647 a composite number?
False
Is 671727053 composite?
True
Is 138945511 composite?
True
Is 3779101 prime?
True
Is 20722519 a prime number?
True
Is 117054689 a prime number?
True
Is 1335353 a composite number?
True
Is 8000123 prime?
False
Is 1675157 a prime number?
False
Is 5792963 composite?
True
Is 9517173 prime?
False
Is 25972057 composite?
False
Is 31632901 composite?
False
Is 53045917 composite?
False
Is 7416737 a composite number?
True
Is 86324383 a prime number?
False
Is 7407061 prime?
True
Is 18640705 prime?
False
Is 11680199 a prime number?
False
Is 280633919 a composite number?
True
Is 913687 prime?
True
Is 29592629 a composite number?
True
Is 358181 prime?
True
Is 7926659 a prime number?
False
Is 34421329 composite?
False
Is 1766279 a composite number?
False
Is 242234263 a prime number?
True
Is 28133381 composite?
False
Is 172450378 composite?
True
Is 27617459 a composite number?
False
Is 15357367 a composite number?
True
Is 5632777 a prime number?
True
Is 65358053 composite?
False
Is 14079737 a prime number?
False
Is 179793899 a prime number?
True
Is 15856543 a composite number?
False
Is 22279511 a prime number?
False
Is 6244993 a prime number?
False
Is 5404067 composite?
False
Is 213775043 prime?
